{"id":16995,"date":"2026-03-06T10:20:54","date_gmt":"2026-03-06T10:20:54","guid":{"rendered":"https:\/\/pearl-cycles.com\/?product=pedales-wahoo-speedplay-cro-mo"},"modified":"2026-03-06T10:20:54","modified_gmt":"2026-03-06T10:20:54","slug":"pedales-wahoo-speedplay-cro-mo","status":"publish","type":"product","link":"https:\/\/pearl-cycles.com\/?product=pedales-wahoo-speedplay-cro-mo&lang=es","title":{"rendered":"Pedales Wahoo Speedplay Cro-Mo"},"content":{"rendered":"","protected":false},"excerpt":{"rendered":"<p>Fabricado para enfrentarse a todo, el pedal de carretera SPEEDPLAY ZERO est\u00e1 especialmente cualificado para resistir las exigencias de todo tipo de carreras, desde las m\u00e1s duras hasta las m\u00e1s \u00e9picas de un doble siglo. El pedal de bicicleta de acero inoxidable de doble cara y el sistema de calas integrado ofrecen una transferencia de potencia m\u00e1xima y una durabilidad excepcional. El ajuste personalizado y la entrada de doble cara te permitir\u00e1n pedalear con confianza y comodidad.  <\/p>\n","protected":false},"featured_media":16997,"template":"","meta":{"_et_pb_use_builder":"","_et_pb_old_content":"","_et_gb_content_width":"","om_disable_all_campaigns":false,"_monsterinsights_skip_tracking":false,"_monsterinsights_sitenote_active":false,"_monsterinsights_sitenote_note":"","_monsterinsights_sitenote_category":0},"product_brand":[],"product_cat":[589],"product_tag":[593],"class_list":{"0":"post-16995","1":"product","2":"type-product","3":"status-publish","4":"has-post-thumbnail","6":"product_cat-pedales","7":"product_tag-pedales-speedplay","9":"first","10":"instock","11":"taxable","12":"shipping-taxable","13":"purchasable","14":"product-type-simple"},"_links":{"self":[{"href":"https:\/\/pearl-cycles.com\/index.php?rest_route=\/wp\/v2\/product\/16995","targetHints":{"allow":["GET"]}}],"collection":[{"href":"https:\/\/pearl-cycles.com\/index.php?rest_route=\/wp\/v2\/product"}],"about":[{"href":"https:\/\/pearl-cycles.com\/index.php?rest_route=\/wp\/v2\/types\/product"}],"wp:featuredmedia":[{"embeddable":true,"href":"https:\/\/pearl-cycles.com\/index.php?rest_route=\/wp\/v2\/media\/16997"}],"wp:attachment":[{"href":"https:\/\/pearl-cycles.com\/index.php?rest_route=%2Fwp%2Fv2%2Fmedia&parent=16995"}],"wp:term":[{"taxonomy":"product_brand","embeddable":true,"href":"https:\/\/pearl-cycles.com\/index.php?rest_route=%2Fwp%2Fv2%2Fproduct_brand&post=16995"},{"taxonomy":"product_cat","embeddable":true,"href":"https:\/\/pearl-cycles.com\/index.php?rest_route=%2Fwp%2Fv2%2Fproduct_cat&post=16995"},{"taxonomy":"product_tag","embeddable":true,"href":"https:\/\/pearl-cycles.com\/index.php?rest_route=%2Fwp%2Fv2%2Fproduct_tag&post=16995"}],"curies":[{"name":"wp","href":"https:\/\/api.w.org\/{rel}","templated":true}]}}