{"id":6321,"date":"2025-09-21T12:20:28","date_gmt":"2025-09-21T12:20:28","guid":{"rendered":"https:\/\/pearl-cycles.com\/produkt\/empire-slx-campagnolo-ekar-verde-bosque\/"},"modified":"2025-09-21T12:20:28","modified_gmt":"2025-09-21T12:20:28","slug":"empire-slx-campagnolo-ekar-verde-bosque","status":"publish","type":"product","link":"https:\/\/pearl-cycles.com\/?product=empire-slx-campagnolo-ekar-verde-bosque&lang=es","title":{"rendered":"EMPIRE SLX campagnolo EKAR Verde Bosque"},"content":{"rendered":"<p><strong>Specs<\/strong><\/p>\n<ul>\n<li>Modelo de rendimiento aerodin\u00e1mico completo dise\u00f1ado para ofrecer fibra de carbono unidireccional aerodin\u00e1mica optimizada.<\/li>\n<li>Dise\u00f1o de tubos aerodin\u00e1micos Kammtail: comodidad y aerodin\u00e1mica optimizadas<\/li>\n<li>Tirante trasero en forma de l\u00e1grima que ofrece comodidad adicional donde es necesario y permite un mayor espacio para los neum\u00e1ticos <\/li>\n<li>Horquillas anchas aerodin\u00e1micas integradas: aumentan la aerodin\u00e1mica y la estabilidad en comparaci\u00f3n con las horquillas m\u00e1s estrechas con un di\u00e1metro de 1 \u00bc\u201c<\/li>\n<li>El manillar monocasco con cables internos aumenta la transmisi\u00f3n de potencia al estar fuera del sill\u00edn.<\/li>\n<li>Los frenos de montaje plano ofrecen un mejor rendimiento de frenado y rigidez.<\/li>\n<li>Los cables internos del cuadro minimizan la fricci\u00f3n.<\/li>\n<li>Espacio de rodamiento m\u00e1s amplio BB86 para una transmisi\u00f3n de potencia eficaz.<\/li>\n<li>32 mm de espacio libre para los neum\u00e1ticos<\/li>\n<li>12mm axles increase the stiffness of the wheel in comparison to regular quick release.<\/li>\n<li>Peso del cuadro 850 gr<\/li>\n<li>Peso de la horquilla 390 gr<\/li>\n<\/ul>\n<p><strong>Wheels<\/strong><\/p>\n<ul>\n<li>Campagnolo Ekar<\/li>\n<li>Preparado para tubeless<\/li>\n<\/ul>\n<p>&nbsp;<\/p>\n<p><strong>Shifting<\/strong><\/p>\n<ul>\n<li>Campagnolo<\/li>\n<li>Cambio exacto y fiable<\/li>\n<\/ul>\n<p>&nbsp;<\/p>\n","protected":false},"excerpt":{"rendered":"<p>Aerodynamic design with a purpose\u2026<\/p>\n<p>Nuestro cuadro Empire es el punto de inflexi\u00f3n de todas las construcciones de ingenier\u00eda. Ofrece la mejor aerodin\u00e1mica, comodidad y rigidez posibles.  Dise\u00f1ado para el rendimiento.<\/p>\n<p><strong>Mejor aerodin\u00e1mica, m\u00e1s espacio para los neum\u00e1ticos y mayor comodidad, menos peso. Equipada con cambio inal\u00e1mbrico Sram AXS. <\/strong><\/p>\n<p><strong>La cabina totalmente aerodin\u00e1mica y el cuadro de carbono ultraligero nos permiten ofrecer un cuadro ligero y, sin embargo, aerodin\u00e1mico que se puede utilizar tanto en terrenos monta\u00f1osos como llanos.<\/strong><\/p>\n","protected":false},"featured_media":5683,"template":"","meta":{"_et_pb_use_builder":"","_et_pb_old_content":"","_et_gb_content_width":"","om_disable_all_campaigns":false,"_monsterinsights_skip_tracking":false,"_monsterinsights_sitenote_active":false,"_monsterinsights_sitenote_note":"","_monsterinsights_sitenote_category":0},"product_brand":[],"product_cat":[450],"product_tag":[451,425,427],"class_list":{"0":"post-6321","1":"product","2":"type-product","3":"status-publish","4":"has-post-thumbnail","6":"product_cat-allroad","7":"product_tag-campagnolo","8":"product_tag-empire-slx","9":"product_tag-pearl-cycles","11":"first","12":"instock","13":"taxable","14":"shipping-taxable","15":"purchasable","16":"product-type-variable"},"_links":{"self":[{"href":"https:\/\/pearl-cycles.com\/index.php?rest_route=\/wp\/v2\/product\/6321","targetHints":{"allow":["GET"]}}],"collection":[{"href":"https:\/\/pearl-cycles.com\/index.php?rest_route=\/wp\/v2\/product"}],"about":[{"href":"https:\/\/pearl-cycles.com\/index.php?rest_route=\/wp\/v2\/types\/product"}],"wp:featuredmedia":[{"embeddable":true,"href":"https:\/\/pearl-cycles.com\/index.php?rest_route=\/wp\/v2\/media\/5683"}],"wp:attachment":[{"href":"https:\/\/pearl-cycles.com\/index.php?rest_route=%2Fwp%2Fv2%2Fmedia&parent=6321"}],"wp:term":[{"taxonomy":"product_brand","embeddable":true,"href":"https:\/\/pearl-cycles.com\/index.php?rest_route=%2Fwp%2Fv2%2Fproduct_brand&post=6321"},{"taxonomy":"product_cat","embeddable":true,"href":"https:\/\/pearl-cycles.com\/index.php?rest_route=%2Fwp%2Fv2%2Fproduct_cat&post=6321"},{"taxonomy":"product_tag","embeddable":true,"href":"https:\/\/pearl-cycles.com\/index.php?rest_route=%2Fwp%2Fv2%2Fproduct_tag&post=6321"}],"curies":[{"name":"wp","href":"https:\/\/api.w.org\/{rel}","templated":true}]}}