{"id":8402,"date":"2025-08-09T22:54:30","date_gmt":"2025-08-09T22:54:30","guid":{"rendered":"https:\/\/pearl-cycles.com\/produkt\/gravel-copenhagen\/"},"modified":"2025-08-09T22:54:30","modified_gmt":"2025-08-09T22:54:30","slug":"gravel-copenhagen","status":"publish","type":"product","link":"https:\/\/pearl-cycles.com\/?product=gravel-copenhagen&lang=fr","title":{"rendered":"GRAVEL COPENHAGEN"},"content":{"rendered":"<ul>\n<li><strong>Cadre soud\u00e9 artisanalement avec des mat\u00e9riaux avanc\u00e9s :<\/strong> Le cadre est m\u00e9ticuleusement soud\u00e9 en Italie en utilisant du Dedacciai 7003, garantissant une haute qualit\u00e9 et une durabilit\u00e9 pour des conditions de conduite exigeantes.<\/li>\n<li><strong>Composants polyvalents et durables pour le bikepacking :<\/strong> Comprend une fourche tout carbone avec fixations pour bikepacking, un passage de c\u00e2bles interne pour un entretien minimal, et une compatibilit\u00e9 avec garde-boue et sacoches, id\u00e9al pour les longs voyages.<\/li>\n<li><strong>Efficacit\u00e9 de conduite et rigidit\u00e9 avant am\u00e9lior\u00e9es :<\/strong> Un bo\u00eetier de p\u00e9dalier surdimensionn\u00e9 optimise le transfert de puissance, tandis que la fourche gravel tout carbone \u00e0 grand \u00e9cartement et le tube de direction augmentent la rigidit\u00e9 avant pour une meilleure maniabilit\u00e9.<\/li>\n<li><strong>Roues tubeless-ready pour la fiabilit\u00e9 :<\/strong> Les roues Fulcrum DB 900, fabriqu\u00e9es en Italie, sont tubeless-ready avec roulements industriels, offrant une r\u00e9sistance aux intemp\u00e9ries et aux impacts pour des performances fiables.<\/li>\n<li><strong>Syst\u00e8me de changement de vitesse et de freinage haute performance :<\/strong> \u00c9quip\u00e9 de vitesses m\u00e9caniques Shimano GRX et de freins \u00e0 disque hydrauliques Shimano, offrant des changements de vitesse pr\u00e9cis et une puissance de freinage fiable.<\/li>\n<\/ul>\n<p>&nbsp;<\/p>\n<p><strong>Specs<\/strong><\/p>\n<ul>\n<li>Welded in Italy by artisans. Dedacciai 7003.<\/li>\n<li>Full carbon fork with bike packing fittings.<\/li>\n<li>Internal cable housing that\u2019s allows less maintenance<\/li>\n<li>Bottom Bracket with an oversized BB diameter that optimizes the power transmission.<\/li>\n<li>47 \u2013 55 mm tyre clearance<\/li>\n<li>12mm axles increase the stiffness of the wheel in comparison to a regular quick release.<\/li>\n<li>Wide stance full carbon gravel fork and steering tube increases the stiffness of the front part of the frame.<\/li>\n<li>Fits fenders, carriers and all bike packing bags.<\/li>\n<li>Fulcrum compatible tubeless<\/li>\n<\/ul>\n<p><strong>Wheels <\/strong><\/p>\n<ul>\n<li>Fulcrum DB 900<\/li>\n<li>Made in Italy<\/li>\n<li>Tubeless Ready<\/li>\n<li>Indestructible and weather resistant industrial bearings<\/li>\n<\/ul>\n<p><strong>Shifting<\/strong><\/p>\n<ul>\n<li>Shimano GRX mechanical Gears<\/li>\n<li>Shimano Hydraulic disc brakes<\/li>\n<\/ul>\n<p>&nbsp;<\/p>\n<p>&nbsp;<\/p>\n","protected":false},"excerpt":{"rendered":"<p>Nos cadres Gravel GRIT sont fabriqu\u00e9s \u00e0 la main par des artisans en Italie. Welded with Dedaccia 7003 alloy, heat treated and smooth welded our frames are lighter, stiffer and more reliable than the competition. The gravel Al frame was designed to be the best aluminium gravel on the market. We selected Dedacciai alloy which is lighter, more rigid and more durable than conventional alloy tubes. Combined with Fulcrum wheels and Shimano GRX hydraulic brakes we offer the best weight and power transmission on your bike.<\/p>\n","protected":false},"featured_media":2188,"template":"","meta":{"_et_pb_use_builder":"","_et_pb_old_content":"","_et_gb_content_width":"","om_disable_all_campaigns":false,"_monsterinsights_skip_tracking":false,"_monsterinsights_sitenote_active":false,"_monsterinsights_sitenote_note":"","_monsterinsights_sitenote_category":0},"product_brand":[],"product_cat":[512],"product_tag":[503,497],"class_list":{"0":"post-8402","1":"product","2":"type-product","3":"status-publish","4":"has-post-thumbnail","6":"product_cat-copenhague","7":"product_tag-gravel-bike","8":"product_tag-pearl-cycles","10":"first","11":"instock","12":"taxable","13":"shipping-taxable","14":"purchasable","15":"product-type-variable"},"_links":{"self":[{"href":"https:\/\/pearl-cycles.com\/index.php?rest_route=\/wp\/v2\/product\/8402","targetHints":{"allow":["GET"]}}],"collection":[{"href":"https:\/\/pearl-cycles.com\/index.php?rest_route=\/wp\/v2\/product"}],"about":[{"href":"https:\/\/pearl-cycles.com\/index.php?rest_route=\/wp\/v2\/types\/product"}],"wp:featuredmedia":[{"embeddable":true,"href":"https:\/\/pearl-cycles.com\/index.php?rest_route=\/wp\/v2\/media\/2188"}],"wp:attachment":[{"href":"https:\/\/pearl-cycles.com\/index.php?rest_route=%2Fwp%2Fv2%2Fmedia&parent=8402"}],"wp:term":[{"taxonomy":"product_brand","embeddable":true,"href":"https:\/\/pearl-cycles.com\/index.php?rest_route=%2Fwp%2Fv2%2Fproduct_brand&post=8402"},{"taxonomy":"product_cat","embeddable":true,"href":"https:\/\/pearl-cycles.com\/index.php?rest_route=%2Fwp%2Fv2%2Fproduct_cat&post=8402"},{"taxonomy":"product_tag","embeddable":true,"href":"https:\/\/pearl-cycles.com\/index.php?rest_route=%2Fwp%2Fv2%2Fproduct_tag&post=8402"}],"curies":[{"name":"wp","href":"https:\/\/api.w.org\/{rel}","templated":true}]}}